t k = 197 + 459. List the prime factors of k.
2, 41
Let n(j) = -j**2 - 22*j - 18. Let p be n(-21). Suppose g + p*l = 134, -g + 5*l + 152 = 42. List the prime factors of g.
5
Let w(i) = 20*i - 11. Let b(n) = 2*n**3 - 3*n**2 + 3*n - 5. Let v be b(2). List the prime factors of w(v).
89
Let f = 15551 + -11082. List the prime factors of f.
41, 109
Let k(b) = -b**2 + 86*b + 221. List the prime factors of k(46).
3, 229
Let v(c) = -c**3 - 2*c**2 + 4*c. Let x be (1 - 3) + (0 - 1). Let s be v(x). List the prime factors of (-2)/s*(-135)/(-10).
3
What are the prime factors of (16/(-48))/(1/(-2019))?
673
Suppose 5*b = 5*r - 3685, 11 = -4*b - 9. Suppose 0 = -14*g + r + 892. List the prime factors of g.
2, 29
Let p = 1642 - 971. Let y = p - 479. List the prime factors of y.
2, 3
Let z(y) = -2 + 6*y**2 + 4*y - 4*y**2 - 2*y. Let r be z(-2). List the prime factors of -1*(r - -1) + 24.
3, 7
Let a = 267 - -164. What are the prime factors of a?
431
Let j(l) = 8*l - 116. List the prime factors of j(18).
2, 7
Suppose -5*i + 35 = 5*p, p = 5*i + 40 - 105. Let l(g) = -6*g**2 - 5 + 5*g**2 + 0*g**2 + i*g. What are the prime factors of l(8)?
3
Suppose -18*n = -30303 + 261. List the prime factors of n.
1669
Suppose 5*k + 178 = -2*t + 49, 4*t = 2*k - 294. Let i = t - -159. What are the prime factors of i?
3, 29
Let t(g) = -110*g + 1. Let l be 1*3/(-9) + 4/(-6). List the prime factors of t(l).
3, 37
Suppose -o + 5*g - 4*g = -8, 0 = -5*g - 25. Let s(b) = 10*b + 5. List the prime factors of s(o).
5, 7
Let y = 134 + -99. What are the prime factors of y?
5, 7
Let b(f) = f + 3. Let v be b(0). Suppose -l - 6 = -v. List the prime factors of (l/3)/((-4)/48).
2, 3
Suppose -3*d + 1288 = 3*v - 8*v, 3*d = 3*v + 1296. What are the prime factors of d?
2, 109
Suppose 500 - 2453 = -21*m. Suppose -p - 4*k + 26 = -5*k, -k = -5*p + 150. Let j = m - p. List the prime factors of j.
2, 31
Suppose 8099 = 7*q - 3962. What are the prime factors of q?
1723
Let w = -27 - -33. Suppose -4*t = -8, 0 = v - w*v + 5*t + 100. List the prime factors of v.
2, 11
Let s = 1687 + -731. List the prime factors of s.
2, 239
Let n(m) = -m - 21. Let k be n(-23). Suppose -3*q = -t + 63, -58 = -k*t + q + 63. What are the prime factors of t?
2, 3, 5
Suppose -16*g - 1357 + 9405 = 0. List the prime factors of g.
503
Let u(v) = -v**2 + 7*v + 5. Suppose a - 6*a + 30 = 0. Let h be u(a). Let i = 54 - h. List the prime factors of i.
43
Suppose -18 + 2 = -4*d, -3*d = 2*v + 62. Let l = v + 163. What are the prime factors of l?
2, 3, 7
Let i = 952 + 3382. What are the prime factors of i?
2, 11, 197
Let z(v) = 1453*v**2 - 2*v + 5. What are the prime factors of z(1)?
2, 7, 13
Suppose 248 = 2*q - 0*q. Suppose -3*o = -5*a + 30, 0 = 5*a + o + 47 - 57. Suppose 0 = a*l - 116 - q. What are the prime factors of l?
2, 5
Let c(y) = 2993*y**2 + 8*y - 6. List the prime factors of c(1).
5, 599
What are the prime factors of 3/(-1*21) - (-339584)/98?
3, 5, 7, 11
Let d be (-16)/(-10)*(-3 - 2). List the prime factors of 24 + 0 + d/4.
2, 11
Suppose 26*b - 19*b - 196 = 0. Let p(g) = -67*g**3 + g**2 - g - 1. Let s be p(-1). Let k = s - b. What are the prime factors of k?
2, 5
Let c(v) = v**2 + 12*v + 6. Let m be c(-11). Let f be 1/(-3)*(-5 - m). Suppose j - 36 = -q - j, f = q + 4*j - 34. What are the prime factors of q?
2, 19
Let b(o) = -o - 5. Let i be b(-6). Let h(n) be the third derivative of 47*n**5/60 - n**4/24 + n**3/6 - 16*n**2 + 4*n. What are the prime factors of h(i)?
47
Let v(t) = 461*t**3 - t + 2. What are the prime factors of v(1)?
2, 3, 7, 11
Let b be (-6)/(-24) + 38/8. Let y be (-7)/14 + b/2. Suppose -6 = t + y*a, 0*a = -2*t - 2*a - 2. List the prime factors of t.
2
Suppose -318 + 57 = -9*a. What are the prime factors of a?
29
Let i = -272 + 740. List the prime factors of i.
2, 3, 13
Let w(o) = -6*o - 60. Suppose -9 = 3*u + 42. What are the prime factors of w(u)?
2, 3, 7
Let o be -2*64*(22/4)/(-1). Suppose 5*n + 4*w = 688, 4*n + 3*w = -153 + o. List the prime factors of n.
2, 5, 7
Let k(g) = -5*g + 10. Let r be k(-5). Suppose -u + r = -0. What are the prime factors of u?
5, 7
Suppose -5*g - 120 = -5*b, b + 5*g = -8 + 2. Suppose -2*s + b = -83. Let t = s - 27. What are the prime factors of t?
2, 3
Suppose 0 = -3*k + 12, 3*k + 1445 = -5*h + 4337. Let z = -251 + h. List the prime factors of z.
5, 13
Let f = 51 + 46. What are the prime factors of f?
97
Let k(a) = a**3 + 20. Suppose -2*v - 5*x + 4 = -x, 2*v - 4*x = 4. Suppose -3*f - v*i = 3*i, 0 = 2*f - 4*i. What are the prime factors of k(f)?
2, 5
Suppose -3388 - 1313 = -3*j. Suppose j + 184 = 17*d. List the prime factors of d.
103
Let b(l) be the first derivative of l**3/3 + 7*l**2/2 - 12*l + 20. List the prime factors of b(-14).
2, 43
Let o be (-3)/9*-2*15. Let h = 6 - o. What are the prime factors of 171/6 - 2/h?
29
Let m = 654 - 631. What are the prime factors of m?
23
Suppose 2*g - 23 = 19. Let k = g - 22. List the prime factors of (-2 - 2)*1/k.
2
Suppose -221 = -9*d - 4*d. List the prime factors of d.
17
Suppose a + 10 = -3*w + 5*a, w + 10 = 3*a. Suppose -w*c - 6*c = -648. What are the prime factors of c?
3
Let z(h) = h - 2. Let g(q) = -q + 1. Let f(u) = -5*g(u) + z(u). List the prime factors of f(14).
7, 11
Suppose 11*g = 12*g. Suppose 4*u = -5*f - g*u + 414, 422 = 5*f + 2*u. What are the prime factors of f?
2, 43
Suppose -4*p + 5*t + 2203 = -8113, -7726 = -3*p + t. List the prime factors of p.
2, 3, 11, 13
Let k = 120 - 118. Suppose -h - 257 = -k*h. What are the prime factors of h?
257
Let u(y) = 108*y - 3. Suppose -3*g + 9 = 3*p, -5*g + p + 10 = 1. List the prime factors of u(g).
3, 71
Suppose -87*r + 99*r = 14988. What are the prime factors of r?
1249
Let l(i) = -i**2 + i + 5. Let s be l(5). What are the prime factors of (s/(-18)*26 - -2)*3?
71
Let c = -190 + 59. Let v = c + 184. What are the prime factors of v?
53
Let z(g) = -g**3 - 6*g**2 + 9*g + 8. Let d be z(-7). Let f = -329 - -330. What are the prime factors of (-4 + f)*(-8 - d)?
2, 3
What are the prime factors of (-3)/(-56)*7 - (-11274)/16?
3, 5, 47
Suppose 2*q + 58 = 3*v, 19*v + 5*q - 25 = 18*v. What are the prime factors of v?
2, 5
Suppose 1214 - 166 = 4*l. What are the prime factors of l?
2, 131
Let l(q) = -q**3 - 7*q**2 + 15*q + 56. List the prime factors of l(-9).
83
What are the prime factors of 2675 + -12 + 1 + -2?
2, 11
Let o(k) = -5*k - 16*k**2 + k**3 - 13*k + 3 + k. Let c be o(17). Let g = 7 - c. What are the prime factors of g?
2
Let k = 22 + -70. Let y = k + 64. What are the prime factors of y?
2
Let f = -1383 - -1971. List the prime factors of f.
2, 3, 7
Suppose 14*o = 13*o + 4. Let z be 30 + 1 + 0 + -1. Suppose o*p - 2*y - 20 = p, -p - 4*y = -z. List the prime factors of p.
2, 5
Let x = 90 + -43. Let v = -29 + x. What are the prime factors of v?
2, 3
Let k(u) = u**3 - 2*u**2 - 2*u - 4. Let d be k(3). Let b be 52*d*30/(-24). List the prime factors of 3419/b - (-6)/(-10).
2, 13
Suppose 5*q + 1 = 26. Suppose h + h - 4*o - 92 = 0, 0 = 2*h + 3*o - 78. Suppose h = q*l - 73. List the prime factors of l.
23
Let i be (1 + (-6)/4)*20/(-5). Suppose -i = -r + 4*k + 22, -2*r = 3*k - 103. What are the prime factors of r?
2, 11
Suppose 3*y + j - 35 = y, -5*y + 4*j = -120. What are the prime factors of y?
2, 5
Suppose 38*i - 48*i + 6110 = 0. What are the prime factors of i?
13, 47
Let u(l) = l**2 + 6*l - 5. Let m be u(-4). Let t(k) = -k - 14. Let b(x) = 7. Let v(h) = m*b(h) - 6*t(h). List the prime factors of v(6).
29
Suppose -g + 4*u = 78, -4*g + 2*u - 376 + 50 = 0. Let s(b) = -b**2 - 18*b + 53. Let j be s(-13). Let n = g + j. What are the prime factors of n?
2, 3
Suppose 213*a - 214*a = 3*g - 3009, 0 = -g + 3. What are the prime factors of a?
2, 3, 5
Let n = -800 + 1201. Let a = n - 189. What are the prime factors of a?
2, 53
Let k be (-7)/49 - 99/(-7). List the prime factors of k/56 + 315/4.
79
Let p = 0 + 13. Let h(v) = -v**3 + 14*v**2 - 7*v + 16. List the prime factors of h(p).
2, 47
Let b(p) = -p**3 + 7*p**2 + 9*p - 20. List the prime factors of b(6).
2, 5, 7
Let x(b) = -36*b + 173. List the prime factors of x(-49).
13, 149
Let u(i) = -1 + 37*i + 4 + 1 + 37*i. List the prime factors of u(1).
2, 3, 13
Let y be -3 - (-4)/(-4)*-6. Let r = 26 - y. List the prime factors of r.
23
Let h = -70 - -88. List the prime factors